ts digit of 6884?
4
What is the units digit of 3763207?
7
What is the ten millions digit of 26194742?
2
What is the units digit of 2573562?
2
What is the ten thousands digit of 585004?
8
What is the hundred thousands digit of 498803?
4
What is the hundred thousands digit of 28862133?
8
What is the ten thousands digit of 538664?
3
What is the ten millions digit of 27849692?
2
What is the hundreds digit of 4581626?
6
What is the millions digit of 2648840?
2
What is the tens digit of 7773789?
8
What is the hundred thousands digit of 4921155?
9
What is the hundreds digit of 90030?
0
What is the tens digit of 6530371?
7
What is the thousands digit of 354699?
4
What is the hundreds digit of 1519479?
4
What is the millions digit of 7747641?
7
What is the thousands digit of 501056?
1
What is the tens digit of 1014895?
9
What is the thousands digit of 1876688?
6
What is the ten thousands digit of 3680519?
8
What is the hundred thousands digit of 201997?
2
What is the millions digit of 3969477?
3
What is the thousands digit of 229668?
9
What is the hundred thousands digit of 111711?
1
What is the units digit of 376234?
4
What is the thousands digit of 249086?
9
What is the hundred thousands digit of 2767263?
7
What is the ten thousands digit of 1143549?
4
What is the ten thousands digit of 3097183?
9
What is the millions digit of 4930697?
4
What is the hundred thousands digit of 1612735?
6
What is the ten thousands digit of 184309?
8
What is the units digit of 275986?
6
What is the tens digit of 2015874?
7
What is the ten thousands digit of 610850?
1
What is the millions digit of 9634657?
9
What is the thousands digit of 4849481?
9
What is the ten thousands digit of 1700145?
0
What is the thousands digit of 1258281?
8
What is the ten thousands digit of 16940491?
4
What is the hundreds digit of 1088813?
8
What is the units digit of 1321095?
5
What is the millions digit of 14595971?
4
What is the units digit of 1318641?
1
What is the tens digit of 254781?
8
What is the units digit of 1215903?
3
What is the ten thousands digit of 466589?
6
What is the hundred thousands digit of 170760?
1
What is the hundred thousands digit of 1596167?
5
What is the hundred thousands digit of 1351785?
3
What is the hundred thousands digit of 1586299?
5
What is the hundreds digit of 167317?
3
What is the ten thousands digit of 666981?
6
What is the millions digit of 7056800?
7
What is the thousands digit of 28316356?
6
What is the units digit of 289015?
5
What is the hundred thousands digit of 1731402?
7
What is the hundred thousands digit of 2129931?
1
What is the units digit of 97722?
2
What is the tens digit of 15893365?
6
What is the hundreds digit of 1433587?
5
What is the hundred thousands digit of 5186953?
1
What is the millions digit of 6265519?
6
What is the thousands digit of 591097?
1
What is the hundreds digit of 175260?
2
What is the units digit of 211749?
9
What is the units digit of 1047435?
5
What is the ten thousands digit of 537117?
3
What is the hundred thousands digit of 5086995?
0
What is the thousands digit of 122912?
2
What is the tens digit of 683029?
2
What is the thousands digit of 1612359?
2
What is the hundreds digit of 8499226?
2
What is the units digit of 50045?
5
What is the ten thousands digit of 214657?
1
What is the millions digit of 10326621?
0
What is the hundreds digit of 6529515?
5
What is the ten thousands digit of 25135177?
3
What is the units digit of 305471?
1
What is the hundred thousands digit of 8689792?
6
What is the tens digit of 13335549?
4
What is the tens digit of 710475?
7
What is the millions digit of 20733126?
0
What is the thousands digit of 608811?
8
What is the hundred thousands digit of 1506207?
5
What is the thousands digit of 1522349?
2
What is the hundreds digit of 198514?
5
What is the thousands digit of 253930?
3
What is the hundred thousands digit of 23465780?
4
What is the units digit of 723821?
1
What is the thousands digit of 2986109?
6
What is the hundred thousands digit of 387138?
3
What is the ten thousands digit of 335890?
3
What is the thousands digit of 516259?
6
What is the hundred thousands digit of 298839?
2
What is the units digit of 10180592?
2
What is the thousands digit of 31265989?
5
What is the tens digit of 97963?
6
What is the ten thousands digit of 216132?
1
What is the hundred thousands digit of 26894441?
8
What is the hundreds digit of 237807?
8
What is the units digit of 4903374?
4
What is the thousands digit of 2035060?
5
What is the tens digit of 420869?
6
What is the hundred thousands digit of 1909375?
9
What is the hundreds digit of 967821?
8
What is the units digit of 1531248?
8
What is the ten thousands digit of 237900?
3
What is the units digit of 336284?
4
What is the tens digit of 188801?
0
What is the thousands digit of 7741190?
1
What is the tens digit of 367355?
5
What is the thousands digit of 63037?
3
What is the ten thousands digit of 179366?
7
What is the hundreds digit of 497697?
6
What is the units digit of 605466?
6
What is the hundred thousands digit of 2709502?
7
What is the hundred thousands digit of 332466?
3
What is the thousands digit of 186226?
6
What is the tens digit of 4669327?
2
What is the thousands digit of 1137469?
7
What is the ten thousands digit of 1787971?
8
What is the ten thousands digit of 12339100?
3
What is the tens digit of 1150753?
5
What is the hundreds digit of 29029475?
4
What is the millions digit of 3144499?
3
What is the ten thousands digit of 798137?
9
What is the units digit of 2467414?
4
What is the thousands digit of 13024654?
4
What is the hundred thousands digit of 1226505?
2
What is the hundreds digit of 353222?
2
What is the hundred thousands digit of 224191?
2
What is the thousands digit of 3464850?
4
What is the tens digit of 685505?
0
What is the tens digit of 789923?
2
What is the ten thousands digit of 6834826?
3
What is the thousands digit of 7763?
7
What is the hundreds digit of 324777?
7
What is the ten thousands digit of 87893?
8
What is the thousands digit of 12673867?
3
What is the tens digit of 3329172?
7
What is the tens digit of 1668158?
5
What is the hundred thousands digit of 639062?
6
What is the hundreds digit of 675283?
2
What is the hundred thousands digit of 11242154?
2
What is the tens digit of 226438?
3
What is the units digit of 3891933?
3
What is the units digit of 2374115?
5
What is the units digit of 2138958?
8
What is the ten thousands digit of 2372618?
7
What is the units digit of 892163?
3
What is the hundreds digit of 31424774?
7
What is the tens digit of 513400?
0
What is the units digit of 1216640?
0
What is the ten millions digit of 10692252?
1
What is the hundred thousands digit of 466389?
4
What is the thousands digit of 856754?
6
What is the tens digit of 1981101?
0
What is the millions digit of 27832991?
7
What is the units digit of 18558929?
9
What is the hundreds digit of 8021222?
2
What is the units digit of 19147987?
7
What is the units digit of 11819623?
3
What is the hundreds digit of 496619?
6
What is the millions digit of 9245567?
9
What is the tens digit of 2234543?
4
What is the units digit of 357007?
7
What is the ten thousands digit of 857091?
5
What is the thousands digit of 249279?
9
What is the hundred thousands digit of 8280268?
2
What is the ten thousands digit of 3402037?
0
What is the units digit of 1791541?
1
What is the hundreds digit of 241257?
2
What is the units digit of 486872?
2
What is the millions digit of 2829303?
2
What is the units digit of 7448584?
4
What is the hundred thousands digit of 772424?
7
What is the hundreds digit of 38488?
4
What is the units digit of 764772?
2
What is the units digit of 354782?
2
What is the hundreds digit of 354645?
6
What is the thousands digit of 1466324?
6
What is the thousands digit of 13764?
3
What is the units digit of 29214?
4
What is the tens digit of 5041494?
9
What is the tens digit of 215280?
8
What is the millions digit of 15604477?
5
What is the thousands digit of 149607?
9
What is the hundreds digit of 2867093?
0
What is the units digit of 1670706?
6
What is the ten thousands digit of 1049904?
4
What is the millions digit of 15723497?
5
What is the tens digit of 5234849?
4
What is the units digit of 105212?
2
What 